e
Let i be (6/(-10))/(6/(-30)). Suppose -5*z + 9733 = i*m, -z - 7784 = -5*z - 3*m. Is z composite?
False
Suppose 5*h = -5*c + 14710, -15*c = -19*c - 3*h + 11765. Is c a composite number?
False
Let y(q) = -q**3 + 15*q**2 + 33*q + 23. Let w be y(17). Is 46/w*(1 + 2) a composite number?
False
Suppose 3*p - p - 44282 = 0. Is p a prime number?
False
Suppose b + 3*s + 21 = 0, 0*b = b - 4*s. Let o(f) = -f**3 - 12*f**2 - 15*f + 11. Is o(b) composite?
False
Let u = 1605 - -11630. Is u prime?
False
Let f be 2 - (-3 - -5023 - -2). Is ((-2)/4)/(10/f) a composite number?
False
Suppose -15 = -5*m - 5*c, 0*m + 2*c = m - 6. Suppose -2*x + m*x - 3514 = 0. Is x a prime number?
False
Suppose -3531 = -8*l + 3437. Is l a prime number?
False
Is (2/(-12)*-2)/((-68)/(-804984)) a prime number?
False
Suppose -6*t = 38 - 2. Let i = t + 11. Let p(b) = 11*b**2 - 8*b - 2. Is p(i) a composite number?
False
Let r = -48 - 45. Let b = 130 + r. Is 0 + b - 1 - -3 a composite number?
True
Is 11544 + 9 + -5 + 1 a composite number?
False
Let j be 2/(-9) + 0 + 721900/450. Suppose 7*m + j = 11*m. Is m a prime number?
True
Suppose 42 - 12 = 4*j - 5*z, 2*j + z - 22 = 0. Suppose -j*r + 2059 = -9*r. Is r a prime number?
False
Is 7/5 - (-3873096)/60 a composite number?
False
Suppose -2*k = -2*w + 2*k + 8, -3*k = -4*w + 11. Suppose x = w*h - 6*h + 219, h - 2*x - 66 = 0. Let j = 219 - h. Is j a composite number?
False
Let s(k) = 558*k**2 - k - 1. Let b be s(1). Suppose 0 = 4*r - 3*t - 254 - b, t - 1003 = -5*r. Is r composite?
True
Let c(d) = 3 + 9 - 16 + 7*d. Let x be c(9). Let j = 23 + x. Is j composite?
True
Suppose -6*x + 0 = 24. Is 42 - 6*x/(-6) a prime number?
False
Suppose 4105 + 9859 = 4*a. Is a a prime number?
True
Suppose 0 = -0*y - 2*y + 31134. Is y a composite number?
True
Suppose 8 = 5*q - 7. Let v(g) = -2*g**2 + 7*g**3 - q + 2*g + 49*g**3 + 2. Is v(1) a composite number?
True
Let y(r) = r**3 + 5*r**2 + r + 7. Let m be y(-5). Is m/(4/314)*1 composite?
False
Let q = 10463 + 8711. Is q a composite number?
True
Let u(j) = -362*j - 107. Is u(-24) a composite number?
False
Let a(z) = z - 4. Let s be a(8). Suppose -s*l = -6*l. Suppose l = 2*j - 86 - 80. Is j composite?
False
Let s be ((-72)/2 - 1/(-1))*-18. Suppose -m = -163 - s. Is m a prime number?
False
Let k(i) = -617*i + 5. Let x be k(7). Let p be x/(-1 - 10/(-15)). Is ((-4)/6)/((-12)/p) prime?
True
Let r = -5263 - -8954. Is r composite?
False
Let l be ((-4)/2)/(2/(-16)). Let z be 1 + 4/(l/(-36)). Is ((-249)/6)/(4/z) prime?
True
Let p(b) = -411*b - 2. Let q be 1/(-6) + 22/(-12). Let f be (-7)/35*(-10)/q. Is p(f) a prime number?
True
Let y(v) = -v**2 + 2*v + 5. Let r be y(5). Let u be 4/(-3)*15/r. Suppose -u*f + 7 = -f. Is f composite?
False
Suppose 2*w = 10, -4*g = 3*w - 291967 + 62276. Is g a composite number?
True
Suppose -5*a - 9 - 6256 = 0. Let k = -300 - a. Is k prime?
True
Suppose -1 = -3*r + 2*r. Let z(l) = 16*l - r - 9 - 3 - 4. Is z(9) a composite number?
False
Let c = 26290 + -12327. Is c a composite number?
False
Suppose -3*o = -4*s - 380790, 13*s = 3*o + 11*s - 380784. Is o a prime number?
False
Suppose 10*w + 6*w - 40208 = 0. Is w a prime number?
False
Suppose 2*d + 0*p - 2*p + 8878 = 0, 17756 = -4*d - 2*p. Let m = d + 6240. Is m prime?
True
Let m = -131910 + 235217. Is m prime?
True
Let m(q) = -118*q**3 - q**2 - 3*q - 1. Let l be m(-1). Let n = l + 0. Is n a composite number?
True
Suppose 0 = -9*x + 12*x - 3. Let f be x - (-4 - -1) - 2. Is 25 + (f - (4 + 0)) prime?
True
Is (18472/24)/((-2)/(-6)) prime?
True
Is (-10)/10 + (0 - -4848) a composite number?
True
Let h(s) = s**3 - s**2 + 98*s + 17. Is h(25) composite?
False
Let t = -1169 + 14452. Is t prime?
False
Let o(w) = -w**2 + 8*w - 7. Let p be o(7). Suppose p = l + 6*b - 2*b + 5, 55 = 5*l + 4*b. Is 5/(-2)*(-666)/l a composite number?
True
Suppose -s - 77812 = -3*h - 7433, -5*s = -2*h + 46928. Is h a composite number?
False
Let g be (6/(-9))/((-1)/2499). Suppose g = -5*q - 54. Let w = q - -757. Is w a prime number?
False
Suppose 13*w - 8552 = -2091. Suppose -4*h = 2*i - 522, w = 2*i - 0*h - h. Is i prime?
True
Let z(n) = -9*n**2 - n. Let p be z(-1). Let h(s) = -s**3 + 11 - 2*s - 6*s**2 - 7*s - 3*s**2. Is h(p) composite?
False
Suppose 9*x - 3*a = 4*x + 39550, -3*x + 23746 = -5*a. Is x a prime number?
True
Suppose 0*t - 68 = -4*v + 3*t, 0 = -4*v - 3*t + 44. Is (-36)/v - -3 - 7110/(-21) a composite number?
True
Let a be (-6)/8 - 4225/20. Let f = 741 + a. Is f prime?
False
Suppose 93*o + 6855 = 96*o. Is o composite?
True
Suppose -2*y - 178 = s - 3*y, 4*s = -5*y - 685. Let u = s - -288. Is u prime?
True
Let c(h) = -h**3 - 7*h**2 - 4*h + 1. Suppose 0 = 3*n + 33 + 3. Let z = n - -4. Is c(z) composite?
False
Is 8231/((-56)/16 - -4) a composite number?
True
Let b be 0/11*(-2)/(-6). Suppose -5*u = -b*u - 1320. Is -3 + (2 - u/(-1)) prime?
True
Suppose -t - 5*i + 12833 = 2*t, t = -i + 4275. Is t prime?
True
Let l = 12 + -3. Let h = 4 + l. Is h prime?
True
Suppose -3*n + 2*p = -10379 - 6836, -4*n + 22955 = -p. Is n prime?
False
Let d(v) = v**2 + 3*v - 6. Let o(y) = -y**2 - 2*y + 5. Let u(x) = -3*d(x) - 2*o(x). Let s be u(-6). Is (s/(-2))/((-7)/91) composite?
False
Let t(k) be the first derivative of -k**4 + 2*k**3/3 + 5*k**2/2 - 2. Let o be t(8). Let x = -499 - o. Is x a composite number?
False
Let q = 1376 + -903. Suppose j - 1181 + q = 0. Suppose 5*r - j = 1247. Is r a composite number?
True
Suppose 81*k - 85*k = 4*s - 39836, -2*k - 39848 = -4*s. Is s prime?
False
Let f(y) = 4*y + 44. Let g be f(-10). Suppose 5*c + 2471 + 1887 = g*s, -5*c = 10. Is s prime?
True
Let m be 6/(-2) + (-1 - -7). Suppose 1460 = 3*h - 2*r + m*r, r = 3*h - 1462. Is h composite?
False
Let f = -548 + 4191. Is f composite?
False
Suppose -8618 - 38573 = -41*k. Is k prime?
True
Let p(z) = 39*z**2 + 2*z - 13. Let j(v) = -8*v - 36. Let c be j(-5). Is p(c) a prime number?
True
Suppose 4*u - 4 = 4*y, -3*u + 4 = -y - y. Is (2 + -1)*(u - -207) a composite number?
True
Suppose 19*p + 2164 = 23*p. Is p prime?
True
Suppose -3*x + 5*q - 658 = -4*x, q = -4*x + 2689. Is x a prime number?
True
Let f = 25 - -448. Is f a prime number?
False
Let u = 13 - 12. Let g(m) = 2*m**2 - 2*m + 1. Let x be g(u). Is -4 + (-888)/(-3) - x a composite number?
True
Let l be 38*-1*(-105)/6. Suppose -2*j + 5143 - l = 0. Suppose j = 2*y + 437. Is y a composite number?
True
Suppose 0 = -0*k - 9*k + 175869. Is k prime?
True
Let b(g) = 3567*g - 100. Is b(3) composite?
False
Let t(y) = 612*y**2 + 2*y - 1. Is t(-3) a prime number?
True
Suppose 0*d - 3 = 3*k + d, 0 = 3*k - 3*d - 9. Suppose 4*w = -h + 112, w = 3*h - k*w - 336. Suppose -h = -5*i + 213. Is i a composite number?
True
Is 2721*(-10)/((-330)/517) prime?
False
Is 2/(8/(-26))*(-17 + -365) composite?
True
Suppose 4*y = m + 41597, m = -y - 539 + 10937. Is y composite?
False
Suppose -5*m + 3*s = -28, -5*m - 6*s + 21 = -2*s. Let p(h) = 8*h**3 - 3*h + 4. Is p(m) a prime number?
False
Let a(x) = x**3 + 6*x**2 - 6*x + 1. Let v be a(-7). Is (v/(-9))/(4/8622) a composite number?
True
Let b(w) = 6*w**2 + 13*w - 42. Let x(c) = -7*c**2 - 12*c + 43. Let i(n) = 6*b(n) + 5*x(n). Is i(-21) composite?
True
Let s = -43 + 72. Suppose 75 = -v - s. Let z = 153 - v. Is z composite?
False
Suppose 2*t = 4*t + 36. Suppose -2*f + 43 = -3*f. Let q = t - f. Is q a prime number?
False
Suppose 5*p = -9 - 11. Let g(r) = 3*r**3 + 15*r**2 - 6*r + 13. Let j(d) = 7*d**3 + 30*d**2 - 12*d + 27. Let f(s) = p*j(s) + 9*g(s). Is f(8) prime?
True
Suppose 0 = 14*r - 16*r + 6. Suppose -2*o + 378 = r*m + m, 0 = 2*o + 10. Suppose 946 = 4*s - 3*f - m, 4*s = -3*f + 1013. Is s a composite number?
False
Suppose -40*p + 11823 = 3*f - 37*p, -5*p = 2*f - 7876. Is f prime?
True
Let f = 4096 + -1233. Is f a prime number?
False
Is (-44970)/(-60) + 1*1/(-2) composite?
True
Suppose 0 = 2*u + h - 9014, 4*u - 5*h - 22587 = -4559. Is u a composite number?
False
Let n(t) = -2*t**3 + 74*t**2 - 57*t - 41. Is n(24) composite?
False
Let z be 82/(-4) - (-3)/6. Let l be z/16*1*12. Is 11082/l*5/(-2) a composite number?
False
Let z(y) = -12*y - 57. Let k be z(-5). Suppose 5*r - 2288 = -2*o + 6772, -k*o + 4*r + 13613 = 0. Is o a composite number?
True
Suppose 0 = -21*l - 48374 + 156629. Is l a prime number?
False
Let g be (-2)/((6/(-8))/3). Let v(q) = 7*q